{"id":32,"date":"2024-05-21T20:57:51","date_gmt":"2024-05-21T17:57:51","guid":{"rendered":"https:\/\/karavanmetalekipman.com\/?page_id=32"},"modified":"2024-05-30T22:26:31","modified_gmt":"2024-05-30T19:26:31","slug":"metal-karavan-ayagi","status":"publish","type":"page","link":"https:\/\/karavanmetalekipman.com\/index.php\/metal-karavan-ayagi\/","title":{"rendered":"Metal Karavan Aya\u011f\u0131"},"content":{"rendered":"\n<p>Metal karavan ayaklar\u0131m\u0131z, karavan\u0131n\u0131z\u0131 sabitlemek ve dengede tutmak i\u00e7in m\u00fckemmel bir \u00e7\u00f6z\u00fcm sunar. Y\u00fcksek kaliteli \u00e7elikten \u00fcretilmi\u015f olan bu ayaklar, en zorlu arazi ko\u015fullar\u0131nda bile \u00fcst\u00fcn dayan\u0131kl\u0131l\u0131k ve stabilite sa\u011flar. Kullan\u0131m\u0131 kolay ayar mekanizmas\u0131 sayesinde, karavan\u0131n\u0131z\u0131 h\u0131zl\u0131 ve g\u00fcvenli bir \u015fekilde dengeleyebilir, seyahatinizin keyfini \u00e7\u0131karabilirsiniz. Korozyona kar\u015f\u0131 dayan\u0131kl\u0131 yap\u0131s\u0131yla uzun \u00f6m\u00fcrl\u00fc olan bu ayaklar, karavan\u0131n\u0131z\u0131n en \u00f6nemli destek elemanlar\u0131ndan biri olacak. Sa\u011flam, g\u00fcvenilir ve pratik metal karavan ayaklar\u0131m\u0131zla, her yolculu\u011funuzda g\u00f6n\u00fcl rahatl\u0131\u011f\u0131yla seyahat edin.<\/p>\n\n\n\n<figure class=\"wp-block-gallery has-nested-images columns-default is-cropped wp-block-gallery-1 is-layout-flex wp-block-gallery-is-layout-flex\">\n<figure data-wp-context=\"{&quot;uploadedSrc&quot;:&quot;https:\\\/\\\/karavanmetalekipman.com\\\/wp-content\\\/uploads\\\/2024\\\/05\\\/WhatsApp-Image-2024-05-28-at-12.53.40.jpeg&quot;,&quot;figureClassNames&quot;:&quot;wp-block-image size-large&quot;,&quot;figureStyles&quot;:null,&quot;imgClassNames&quot;:&quot;wp-image-65&quot;,&quot;imgStyles&quot;:null,&quot;targetWidth&quot;:1544,&quot;targetHeight&quot;:1544,&quot;scaleAttr&quot;:false,&quot;ariaLabel&quot;:&quot;G\\u00f6rseli b\\u00fcy\\u00fct&quot;,&quot;alt&quot;:&quot;&quot;}\" data-wp-interactive=\"core\/image\" class=\"wp-block-image size-large wp-lightbox-container\"><img loading=\"lazy\" decoding=\"async\" width=\"1024\" height=\"1024\" data-wp-init=\"callbacks.setButtonStyles\" data-wp-on--click=\"actions.showLightbox\" data-wp-on--load=\"callbacks.setButtonStyles\" data-wp-on-window--resize=\"callbacks.setButtonStyles\" data-id=\"65\" src=\"https:\/\/i0.wp.com\/karavanmetalekipman.com\/wp-content\/uploads\/2024\/05\/WhatsApp-Image-2024-05-28-at-12.53.40.jpeg?resize=1024%2C1024&#038;ssl=1\" alt=\"\" class=\"wp-image-65\" srcset=\"https:\/\/i0.wp.com\/karavanmetalekipman.com\/wp-content\/uploads\/2024\/05\/WhatsApp-Image-2024-05-28-at-12.53.40.jpeg?resize=1024%2C1024&amp;ssl=1 1024w, https:\/\/i0.wp.com\/karavanmetalekipman.com\/wp-content\/uploads\/2024\/05\/WhatsApp-Image-2024-05-28-at-12.53.40.jpeg?resize=300%2C300&amp;ssl=1 300w, https:\/\/i0.wp.com\/karavanmetalekipman.com\/wp-content\/uploads\/2024\/05\/WhatsApp-Image-2024-05-28-at-12.53.40.jpeg?resize=150%2C150&amp;ssl=1 150w, https:\/\/i0.wp.com\/karavanmetalekipman.com\/wp-content\/uploads\/2024\/05\/WhatsApp-Image-2024-05-28-at-12.53.40.jpeg?resize=768%2C768&amp;ssl=1 768w, https:\/\/i0.wp.com\/karavanmetalekipman.com\/wp-content\/uploads\/2024\/05\/WhatsApp-Image-2024-05-28-at-12.53.40.jpeg?resize=1536%2C1536&amp;ssl=1 1536w, https:\/\/i0.wp.com\/karavanmetalekipman.com\/wp-content\/uploads\/2024\/05\/WhatsApp-Image-2024-05-28-at-12.53.40.jpeg?w=1544&amp;ssl=1 1544w\" sizes=\"(max-width: 1000px) 100vw, 1000px\" data-recalc-dims=\"1\" \/><button\n\t\t\tclass=\"lightbox-trigger\"\n\t\t\ttype=\"button\"\n\t\t\taria-haspopup=\"dialog\"\n\t\t\taria-label=\"G\u00f6rseli b\u00fcy\u00fct\"\n\t\t\tdata-wp-init=\"callbacks.initTriggerButton\"\n\t\t\tdata-wp-on--click=\"actions.showLightbox\"\n\t\t\tdata-wp-style--right=\"context.imageButtonRight\"\n\t\t\tdata-wp-style--top=\"context.imageButtonTop\"\n\t\t>\n\t\t\t<svg xmlns=\"http:\/\/www.w3.org\/2000\/svg\" width=\"12\" height=\"12\" fill=\"none\" viewBox=\"0 0 12 12\">\n\t\t\t\t<path fill=\"#fff\" d=\"M2 0a2 2 0 0 0-2 2v2h1.5V2a.5.5 0 0 1 .5-.5h2V0H2Zm2 10.5H2a.5.5 0 0 1-.5-.5V8H0v2a2 2 0 0 0 2 2h2v-1.5ZM8 12v-1.5h2a.5.5 0 0 0 .5-.5V8H12v2a2 2 0 0 1-2 2H8Zm2-12a2 2 0 0 1 2 2v2h-1.5V2a.5.5 0 0 0-.5-.5H8V0h2Z\" \/>\n\t\t\t<\/svg>\n\t\t<\/button><\/figure>\n\n\n\n<figure data-wp-context=\"{&quot;uploadedSrc&quot;:&quot;https:\\\/\\\/karavanmetalekipman.com\\\/wp-content\\\/uploads\\\/2024\\\/05\\\/WhatsApp-Image-2024-05-28-at-12.53.39.jpeg&quot;,&quot;figureClassNames&quot;:&quot;wp-block-image size-large&quot;,&quot;figureStyles&quot;:null,&quot;imgClassNames&quot;:&quot;wp-image-64&quot;,&quot;imgStyles&quot;:null,&quot;targetWidth&quot;:1544,&quot;targetHeight&quot;:1544,&quot;scaleAttr&quot;:false,&quot;ariaLabel&quot;:&quot;G\\u00f6rseli b\\u00fcy\\u00fct&quot;,&quot;alt&quot;:&quot;&quot;}\" data-wp-interactive=\"core\/image\" class=\"wp-block-image size-large wp-lightbox-container\"><img loading=\"lazy\" decoding=\"async\" width=\"1024\" height=\"1024\" data-wp-init=\"callbacks.setButtonStyles\" data-wp-on--click=\"actions.showLightbox\" data-wp-on--load=\"callbacks.setButtonStyles\" data-wp-on-window--resize=\"callbacks.setButtonStyles\" data-id=\"64\" src=\"https:\/\/i0.wp.com\/karavanmetalekipman.com\/wp-content\/uploads\/2024\/05\/WhatsApp-Image-2024-05-28-at-12.53.39.jpeg?resize=1024%2C1024&#038;ssl=1\" alt=\"\" class=\"wp-image-64\" srcset=\"https:\/\/i0.wp.com\/karavanmetalekipman.com\/wp-content\/uploads\/2024\/05\/WhatsApp-Image-2024-05-28-at-12.53.39.jpeg?resize=1024%2C1024&amp;ssl=1 1024w, https:\/\/i0.wp.com\/karavanmetalekipman.com\/wp-content\/uploads\/2024\/05\/WhatsApp-Image-2024-05-28-at-12.53.39.jpeg?resize=300%2C300&amp;ssl=1 300w, https:\/\/i0.wp.com\/karavanmetalekipman.com\/wp-content\/uploads\/2024\/05\/WhatsApp-Image-2024-05-28-at-12.53.39.jpeg?resize=150%2C150&amp;ssl=1 150w, https:\/\/i0.wp.com\/karavanmetalekipman.com\/wp-content\/uploads\/2024\/05\/WhatsApp-Image-2024-05-28-at-12.53.39.jpeg?resize=768%2C768&amp;ssl=1 768w, https:\/\/i0.wp.com\/karavanmetalekipman.com\/wp-content\/uploads\/2024\/05\/WhatsApp-Image-2024-05-28-at-12.53.39.jpeg?resize=1536%2C1536&amp;ssl=1 1536w, https:\/\/i0.wp.com\/karavanmetalekipman.com\/wp-content\/uploads\/2024\/05\/WhatsApp-Image-2024-05-28-at-12.53.39.jpeg?w=1544&amp;ssl=1 1544w\" sizes=\"(max-width: 1000px) 100vw, 1000px\" data-recalc-dims=\"1\" \/><button\n\t\t\tclass=\"lightbox-trigger\"\n\t\t\ttype=\"button\"\n\t\t\taria-haspopup=\"dialog\"\n\t\t\taria-label=\"G\u00f6rseli b\u00fcy\u00fct\"\n\t\t\tdata-wp-init=\"callbacks.initTriggerButton\"\n\t\t\tdata-wp-on--click=\"actions.showLightbox\"\n\t\t\tdata-wp-style--right=\"context.imageButtonRight\"\n\t\t\tdata-wp-style--top=\"context.imageButtonTop\"\n\t\t>\n\t\t\t<svg xmlns=\"http:\/\/www.w3.org\/2000\/svg\" width=\"12\" height=\"12\" fill=\"none\" viewBox=\"0 0 12 12\">\n\t\t\t\t<path fill=\"#fff\" d=\"M2 0a2 2 0 0 0-2 2v2h1.5V2a.5.5 0 0 1 .5-.5h2V0H2Zm2 10.5H2a.5.5 0 0 1-.5-.5V8H0v2a2 2 0 0 0 2 2h2v-1.5ZM8 12v-1.5h2a.5.5 0 0 0 .5-.5V8H12v2a2 2 0 0 1-2 2H8Zm2-12a2 2 0 0 1 2 2v2h-1.5V2a.5.5 0 0 0-.5-.5H8V0h2Z\" \/>\n\t\t\t<\/svg>\n\t\t<\/button><\/figure>\n\n\n\n<figure data-wp-context=\"{&quot;uploadedSrc&quot;:&quot;https:\\\/\\\/karavanmetalekipman.com\\\/wp-content\\\/uploads\\\/2024\\\/05\\\/WhatsApp-Image-2024-05-28-at-12.53.39-1.jpeg&quot;,&quot;figureClassNames&quot;:&quot;wp-block-image size-large&quot;,&quot;figureStyles&quot;:null,&quot;imgClassNames&quot;:&quot;wp-image-63&quot;,&quot;imgStyles&quot;:null,&quot;targetWidth&quot;:1544,&quot;targetHeight&quot;:1544,&quot;scaleAttr&quot;:false,&quot;ariaLabel&quot;:&quot;G\\u00f6rseli b\\u00fcy\\u00fct&quot;,&quot;alt&quot;:&quot;&quot;}\" data-wp-interactive=\"core\/image\" class=\"wp-block-image size-large wp-lightbox-container\"><img loading=\"lazy\" decoding=\"async\" width=\"1024\" height=\"1024\" data-wp-init=\"callbacks.setButtonStyles\" data-wp-on--click=\"actions.showLightbox\" data-wp-on--load=\"callbacks.setButtonStyles\" data-wp-on-window--resize=\"callbacks.setButtonStyles\" data-id=\"63\" src=\"https:\/\/i0.wp.com\/karavanmetalekipman.com\/wp-content\/uploads\/2024\/05\/WhatsApp-Image-2024-05-28-at-12.53.39-1.jpeg?resize=1024%2C1024&#038;ssl=1\" alt=\"\" class=\"wp-image-63\" srcset=\"https:\/\/i0.wp.com\/karavanmetalekipman.com\/wp-content\/uploads\/2024\/05\/WhatsApp-Image-2024-05-28-at-12.53.39-1.jpeg?resize=1024%2C1024&amp;ssl=1 1024w, https:\/\/i0.wp.com\/karavanmetalekipman.com\/wp-content\/uploads\/2024\/05\/WhatsApp-Image-2024-05-28-at-12.53.39-1.jpeg?resize=300%2C300&amp;ssl=1 300w, https:\/\/i0.wp.com\/karavanmetalekipman.com\/wp-content\/uploads\/2024\/05\/WhatsApp-Image-2024-05-28-at-12.53.39-1.jpeg?resize=150%2C150&amp;ssl=1 150w, https:\/\/i0.wp.com\/karavanmetalekipman.com\/wp-content\/uploads\/2024\/05\/WhatsApp-Image-2024-05-28-at-12.53.39-1.jpeg?resize=768%2C768&amp;ssl=1 768w, https:\/\/i0.wp.com\/karavanmetalekipman.com\/wp-content\/uploads\/2024\/05\/WhatsApp-Image-2024-05-28-at-12.53.39-1.jpeg?resize=1536%2C1536&amp;ssl=1 1536w, https:\/\/i0.wp.com\/karavanmetalekipman.com\/wp-content\/uploads\/2024\/05\/WhatsApp-Image-2024-05-28-at-12.53.39-1.jpeg?w=1544&amp;ssl=1 1544w\" sizes=\"(max-width: 1000px) 100vw, 1000px\" data-recalc-dims=\"1\" \/><button\n\t\t\tclass=\"lightbox-trigger\"\n\t\t\ttype=\"button\"\n\t\t\taria-haspopup=\"dialog\"\n\t\t\taria-label=\"G\u00f6rseli b\u00fcy\u00fct\"\n\t\t\tdata-wp-init=\"callbacks.initTriggerButton\"\n\t\t\tdata-wp-on--click=\"actions.showLightbox\"\n\t\t\tdata-wp-style--right=\"context.imageButtonRight\"\n\t\t\tdata-wp-style--top=\"context.imageButtonTop\"\n\t\t>\n\t\t\t<svg xmlns=\"http:\/\/www.w3.org\/2000\/svg\" width=\"12\" height=\"12\" fill=\"none\" viewBox=\"0 0 12 12\">\n\t\t\t\t<path fill=\"#fff\" d=\"M2 0a2 2 0 0 0-2 2v2h1.5V2a.5.5 0 0 1 .5-.5h2V0H2Zm2 10.5H2a.5.5 0 0 1-.5-.5V8H0v2a2 2 0 0 0 2 2h2v-1.5ZM8 12v-1.5h2a.5.5 0 0 0 .5-.5V8H12v2a2 2 0 0 1-2 2H8Zm2-12a2 2 0 0 1 2 2v2h-1.5V2a.5.5 0 0 0-.5-.5H8V0h2Z\" \/>\n\t\t\t<\/svg>\n\t\t<\/button><\/figure>\n<\/figure>\n","protected":false},"excerpt":{"rendered":"<p>Metal karavan ayaklar\u0131m\u0131z, karavan\u0131n\u0131z\u0131 sabitlemek ve dengede tutmak i\u00e7in m\u00fckemmel bir \u00e7\u00f6z\u00fcm sunar. Y\u00fcksek kaliteli \u00e7elikten \u00fcretilmi\u015f olan bu ayaklar, en zorlu arazi ko\u015fullar\u0131nda bile \u00fcst\u00fcn dayan\u0131kl\u0131l\u0131k ve stabilite sa\u011flar. Kullan\u0131m\u0131 kolay ayar mekanizmas\u0131 sayesinde, karavan\u0131n\u0131z\u0131 h\u0131zl\u0131 ve g\u00fcvenli bir \u015fekilde dengeleyebilir, seyahatinizin keyfini \u00e7\u0131karabilirsiniz. Korozyona kar\u015f\u0131 dayan\u0131kl\u0131 yap\u0131s\u0131yla uzun \u00f6m\u00fcrl\u00fc olan bu ayaklar, karavan\u0131n\u0131z\u0131n [&hellip;]<\/p>\n","protected":false},"author":1,"featured_media":64,"parent":0,"menu_order":0,"comment_status":"closed","ping_status":"closed","template":"","meta":{"footnotes":""},"jetpack_sharing_enabled":true,"_links":{"self":[{"href":"https:\/\/karavanmetalekipman.com\/index.php\/wp-json\/wp\/v2\/pages\/32"}],"collection":[{"href":"https:\/\/karavanmetalekipman.com\/index.php\/wp-json\/wp\/v2\/pages"}],"about":[{"href":"https:\/\/karavanmetalekipman.com\/index.php\/wp-json\/wp\/v2\/types\/page"}],"author":[{"embeddable":true,"href":"https:\/\/karavanmetalekipman.com\/index.php\/wp-json\/wp\/v2\/users\/1"}],"replies":[{"embeddable":true,"href":"https:\/\/karavanmetalekipman.com\/index.php\/wp-json\/wp\/v2\/comments?post=32"}],"version-history":[{"count":2,"href":"https:\/\/karavanmetalekipman.com\/index.php\/wp-json\/wp\/v2\/pages\/32\/revisions"}],"predecessor-version":[{"id":75,"href":"https:\/\/karavanmetalekipman.com\/index.php\/wp-json\/wp\/v2\/pages\/32\/revisions\/75"}],"wp:featuredmedia":[{"embeddable":true,"href":"https:\/\/karavanmetalekipman.com\/index.php\/wp-json\/wp\/v2\/media\/64"}],"wp:attachment":[{"href":"https:\/\/karavanmetalekipman.com\/index.php\/wp-json\/wp\/v2\/media?parent=32"}],"curies":[{"name":"wp","href":"https:\/\/api.w.org\/{rel}","templated":true}]}}