{"id":30,"date":"2024-05-21T20:56:40","date_gmt":"2024-05-21T17:56:40","guid":{"rendered":"https:\/\/karavanmetalekipman.com\/?page_id=30"},"modified":"2024-05-30T22:13:00","modified_gmt":"2024-05-30T19:13:00","slug":"karavan-giris-basamagi","status":"publish","type":"page","link":"https:\/\/karavanmetalekipman.com\/index.php\/karavan-giris-basamagi\/","title":{"rendered":"Karavan Giri\u015f Basama\u011f\u0131"},"content":{"rendered":"\n<p>Karavan basama\u011f\u0131m\u0131z, karavan\u0131n\u0131za giri\u015f ve \u00e7\u0131k\u0131\u015flarda g\u00fcvenlik ve rahatl\u0131k sa\u011flamak \u00fczere \u00f6zel olarak tasarlanm\u0131\u015ft\u0131r. Dayan\u0131kl\u0131 metal yap\u0131s\u0131 ve kaymaz y\u00fczeyi sayesinde her t\u00fcrl\u00fc hava ko\u015fulunda g\u00fcvenli bir kullan\u0131m sunar. Entegre a\u00e7\u0131l\u0131r mekanizmas\u0131 ile basama\u011f\u0131 kullanmad\u0131\u011f\u0131n\u0131z zamanlarda g\u00fcvenli bir \u015fekilde sabitleyebilir, b\u00f6ylece istenmeyen kazalar\u0131n \u00f6n\u00fcne ge\u00e7ebilirsiniz. Kolayca monte edilebilen bu basamak, kompakt ve ergonomik tasar\u0131m\u0131yla karavan\u0131n\u0131zda yerden tasarruf etmenizi sa\u011flar. Seyahatlerinizde g\u00fcvenli ve konforlu bir ad\u0131m atman\u0131z\u0131 sa\u011flayan kilitli karavan basama\u011f\u0131m\u0131z, karavan ya\u015fam\u0131n\u0131z\u0131 daha keyifli ve g\u00fcvenli hale getirir.<\/p>\n\n\n\n<figure class=\"wp-block-gallery has-nested-images columns-default is-cropped wp-block-gallery-1 is-layout-flex wp-block-gallery-is-layout-flex\">\n<figure data-wp-context=\"{&quot;uploadedSrc&quot;:&quot;https:\\\/\\\/karavanmetalekipman.com\\\/wp-content\\\/uploads\\\/2024\\\/05\\\/WhatsApp-Image-2024-05-28-at-12.53.19.jpeg&quot;,&quot;figureClassNames&quot;:&quot;wp-block-image size-large&quot;,&quot;figureStyles&quot;:null,&quot;imgClassNames&quot;:&quot;wp-image-62&quot;,&quot;imgStyles&quot;:null,&quot;targetWidth&quot;:900,&quot;targetHeight&quot;:1600,&quot;scaleAttr&quot;:false,&quot;ariaLabel&quot;:&quot;G\\u00f6rseli b\\u00fcy\\u00fct&quot;,&quot;alt&quot;:&quot;&quot;}\" data-wp-interactive=\"core\/image\" class=\"wp-block-image size-large wp-lightbox-container\"><img loading=\"lazy\" decoding=\"async\" width=\"576\" height=\"1024\" data-wp-init=\"callbacks.setButtonStyles\" data-wp-on--click=\"actions.showLightbox\" data-wp-on--load=\"callbacks.setButtonStyles\" data-wp-on-window--resize=\"callbacks.setButtonStyles\" data-id=\"62\" src=\"https:\/\/i0.wp.com\/karavanmetalekipman.com\/wp-content\/uploads\/2024\/05\/WhatsApp-Image-2024-05-28-at-12.53.19.jpeg?resize=576%2C1024&#038;ssl=1\" alt=\"\" class=\"wp-image-62\" srcset=\"https:\/\/i0.wp.com\/karavanmetalekipman.com\/wp-content\/uploads\/2024\/05\/WhatsApp-Image-2024-05-28-at-12.53.19.jpeg?resize=576%2C1024&amp;ssl=1 576w, https:\/\/i0.wp.com\/karavanmetalekipman.com\/wp-content\/uploads\/2024\/05\/WhatsApp-Image-2024-05-28-at-12.53.19.jpeg?resize=169%2C300&amp;ssl=1 169w, https:\/\/i0.wp.com\/karavanmetalekipman.com\/wp-content\/uploads\/2024\/05\/WhatsApp-Image-2024-05-28-at-12.53.19.jpeg?resize=768%2C1365&amp;ssl=1 768w, https:\/\/i0.wp.com\/karavanmetalekipman.com\/wp-content\/uploads\/2024\/05\/WhatsApp-Image-2024-05-28-at-12.53.19.jpeg?resize=864%2C1536&amp;ssl=1 864w, https:\/\/i0.wp.com\/karavanmetalekipman.com\/wp-content\/uploads\/2024\/05\/WhatsApp-Image-2024-05-28-at-12.53.19.jpeg?w=900&amp;ssl=1 900w\" sizes=\"(max-width: 576px) 100vw, 576px\" data-recalc-dims=\"1\" \/><button\n\t\t\tclass=\"lightbox-trigger\"\n\t\t\ttype=\"button\"\n\t\t\taria-haspopup=\"dialog\"\n\t\t\taria-label=\"G\u00f6rseli b\u00fcy\u00fct\"\n\t\t\tdata-wp-init=\"callbacks.initTriggerButton\"\n\t\t\tdata-wp-on--click=\"actions.showLightbox\"\n\t\t\tdata-wp-style--right=\"context.imageButtonRight\"\n\t\t\tdata-wp-style--top=\"context.imageButtonTop\"\n\t\t>\n\t\t\t<svg xmlns=\"http:\/\/www.w3.org\/2000\/svg\" width=\"12\" height=\"12\" fill=\"none\" viewBox=\"0 0 12 12\">\n\t\t\t\t<path fill=\"#fff\" d=\"M2 0a2 2 0 0 0-2 2v2h1.5V2a.5.5 0 0 1 .5-.5h2V0H2Zm2 10.5H2a.5.5 0 0 1-.5-.5V8H0v2a2 2 0 0 0 2 2h2v-1.5ZM8 12v-1.5h2a.5.5 0 0 0 .5-.5V8H12v2a2 2 0 0 1-2 2H8Zm2-12a2 2 0 0 1 2 2v2h-1.5V2a.5.5 0 0 0-.5-.5H8V0h2Z\" \/>\n\t\t\t<\/svg>\n\t\t<\/button><\/figure>\n\n\n\n<figure data-wp-context=\"{&quot;uploadedSrc&quot;:&quot;https:\\\/\\\/karavanmetalekipman.com\\\/wp-content\\\/uploads\\\/2024\\\/05\\\/WhatsApp-Image-2024-05-28-at-12.53.19-1.jpeg&quot;,&quot;figureClassNames&quot;:&quot;wp-block-image size-large&quot;,&quot;figureStyles&quot;:null,&quot;imgClassNames&quot;:&quot;wp-image-61&quot;,&quot;imgStyles&quot;:null,&quot;targetWidth&quot;:1600,&quot;targetHeight&quot;:900,&quot;scaleAttr&quot;:false,&quot;ariaLabel&quot;:&quot;G\\u00f6rseli b\\u00fcy\\u00fct&quot;,&quot;alt&quot;:&quot;&quot;}\" data-wp-interactive=\"core\/image\" class=\"wp-block-image size-large wp-lightbox-container\"><img loading=\"lazy\" decoding=\"async\" width=\"1024\" height=\"576\" data-wp-init=\"callbacks.setButtonStyles\" data-wp-on--click=\"actions.showLightbox\" data-wp-on--load=\"callbacks.setButtonStyles\" data-wp-on-window--resize=\"callbacks.setButtonStyles\" data-id=\"61\" src=\"https:\/\/i0.wp.com\/karavanmetalekipman.com\/wp-content\/uploads\/2024\/05\/WhatsApp-Image-2024-05-28-at-12.53.19-1.jpeg?resize=1024%2C576&#038;ssl=1\" alt=\"\" class=\"wp-image-61\" srcset=\"https:\/\/i0.wp.com\/karavanmetalekipman.com\/wp-content\/uploads\/2024\/05\/WhatsApp-Image-2024-05-28-at-12.53.19-1.jpeg?resize=1024%2C576&amp;ssl=1 1024w, https:\/\/i0.wp.com\/karavanmetalekipman.com\/wp-content\/uploads\/2024\/05\/WhatsApp-Image-2024-05-28-at-12.53.19-1.jpeg?resize=300%2C169&amp;ssl=1 300w, https:\/\/i0.wp.com\/karavanmetalekipman.com\/wp-content\/uploads\/2024\/05\/WhatsApp-Image-2024-05-28-at-12.53.19-1.jpeg?resize=768%2C432&amp;ssl=1 768w, https:\/\/i0.wp.com\/karavanmetalekipman.com\/wp-content\/uploads\/2024\/05\/WhatsApp-Image-2024-05-28-at-12.53.19-1.jpeg?resize=1536%2C864&amp;ssl=1 1536w, https:\/\/i0.wp.com\/karavanmetalekipman.com\/wp-content\/uploads\/2024\/05\/WhatsApp-Image-2024-05-28-at-12.53.19-1.jpeg?w=1600&amp;ssl=1 1600w\" sizes=\"(max-width: 1000px) 100vw, 1000px\" data-recalc-dims=\"1\" \/><button\n\t\t\tclass=\"lightbox-trigger\"\n\t\t\ttype=\"button\"\n\t\t\taria-haspopup=\"dialog\"\n\t\t\taria-label=\"G\u00f6rseli b\u00fcy\u00fct\"\n\t\t\tdata-wp-init=\"callbacks.initTriggerButton\"\n\t\t\tdata-wp-on--click=\"actions.showLightbox\"\n\t\t\tdata-wp-style--right=\"context.imageButtonRight\"\n\t\t\tdata-wp-style--top=\"context.imageButtonTop\"\n\t\t>\n\t\t\t<svg xmlns=\"http:\/\/www.w3.org\/2000\/svg\" width=\"12\" height=\"12\" fill=\"none\" viewBox=\"0 0 12 12\">\n\t\t\t\t<path fill=\"#fff\" d=\"M2 0a2 2 0 0 0-2 2v2h1.5V2a.5.5 0 0 1 .5-.5h2V0H2Zm2 10.5H2a.5.5 0 0 1-.5-.5V8H0v2a2 2 0 0 0 2 2h2v-1.5ZM8 12v-1.5h2a.5.5 0 0 0 .5-.5V8H12v2a2 2 0 0 1-2 2H8Zm2-12a2 2 0 0 1 2 2v2h-1.5V2a.5.5 0 0 0-.5-.5H8V0h2Z\" \/>\n\t\t\t<\/svg>\n\t\t<\/button><\/figure>\n\n\n\n<figure data-wp-context=\"{&quot;uploadedSrc&quot;:&quot;https:\\\/\\\/karavanmetalekipman.com\\\/wp-content\\\/uploads\\\/2024\\\/05\\\/WhatsApp-Image-2024-05-28-at-12.53.18-e1717096467307.jpeg&quot;,&quot;figureClassNames&quot;:&quot;wp-block-image size-large&quot;,&quot;figureStyles&quot;:null,&quot;imgClassNames&quot;:&quot;wp-image-60&quot;,&quot;imgStyles&quot;:null,&quot;targetWidth&quot;:901,&quot;targetHeight&quot;:704,&quot;scaleAttr&quot;:false,&quot;ariaLabel&quot;:&quot;G\\u00f6rseli b\\u00fcy\\u00fct&quot;,&quot;alt&quot;:&quot;&quot;}\" data-wp-interactive=\"core\/image\" class=\"wp-block-image size-large wp-lightbox-container\"><img loading=\"lazy\" decoding=\"async\" width=\"576\" height=\"1024\" data-wp-init=\"callbacks.setButtonStyles\" data-wp-on--click=\"actions.showLightbox\" data-wp-on--load=\"callbacks.setButtonStyles\" data-wp-on-window--resize=\"callbacks.setButtonStyles\" data-id=\"60\" src=\"https:\/\/i0.wp.com\/karavanmetalekipman.com\/wp-content\/uploads\/2024\/05\/WhatsApp-Image-2024-05-28-at-12.53.18.jpeg?resize=576%2C1024&#038;ssl=1\" alt=\"\" class=\"wp-image-60\" data-recalc-dims=\"1\"\/><button\n\t\t\tclass=\"lightbox-trigger\"\n\t\t\ttype=\"button\"\n\t\t\taria-haspopup=\"dialog\"\n\t\t\taria-label=\"G\u00f6rseli b\u00fcy\u00fct\"\n\t\t\tdata-wp-init=\"callbacks.initTriggerButton\"\n\t\t\tdata-wp-on--click=\"actions.showLightbox\"\n\t\t\tdata-wp-style--right=\"context.imageButtonRight\"\n\t\t\tdata-wp-style--top=\"context.imageButtonTop\"\n\t\t>\n\t\t\t<svg xmlns=\"http:\/\/www.w3.org\/2000\/svg\" width=\"12\" height=\"12\" fill=\"none\" viewBox=\"0 0 12 12\">\n\t\t\t\t<path fill=\"#fff\" d=\"M2 0a2 2 0 0 0-2 2v2h1.5V2a.5.5 0 0 1 .5-.5h2V0H2Zm2 10.5H2a.5.5 0 0 1-.5-.5V8H0v2a2 2 0 0 0 2 2h2v-1.5ZM8 12v-1.5h2a.5.5 0 0 0 .5-.5V8H12v2a2 2 0 0 1-2 2H8Zm2-12a2 2 0 0 1 2 2v2h-1.5V2a.5.5 0 0 0-.5-.5H8V0h2Z\" \/>\n\t\t\t<\/svg>\n\t\t<\/button><\/figure>\n\n\n\n<figure data-wp-context=\"{&quot;uploadedSrc&quot;:&quot;https:\\\/\\\/karavanmetalekipman.com\\\/wp-content\\\/uploads\\\/2024\\\/05\\\/WhatsApp-Image-2024-05-28-at-12.53.18-2.jpeg&quot;,&quot;figureClassNames&quot;:&quot;wp-block-image size-large&quot;,&quot;figureStyles&quot;:null,&quot;imgClassNames&quot;:&quot;wp-image-59&quot;,&quot;imgStyles&quot;:null,&quot;targetWidth&quot;:900,&quot;targetHeight&quot;:1600,&quot;scaleAttr&quot;:false,&quot;ariaLabel&quot;:&quot;G\\u00f6rseli b\\u00fcy\\u00fct&quot;,&quot;alt&quot;:&quot;&quot;}\" data-wp-interactive=\"core\/image\" class=\"wp-block-image size-large wp-lightbox-container\"><img loading=\"lazy\" decoding=\"async\" width=\"576\" height=\"1024\" data-wp-init=\"callbacks.setButtonStyles\" data-wp-on--click=\"actions.showLightbox\" data-wp-on--load=\"callbacks.setButtonStyles\" data-wp-on-window--resize=\"callbacks.setButtonStyles\" data-id=\"59\" src=\"https:\/\/i0.wp.com\/karavanmetalekipman.com\/wp-content\/uploads\/2024\/05\/WhatsApp-Image-2024-05-28-at-12.53.18-2.jpeg?resize=576%2C1024&#038;ssl=1\" alt=\"\" class=\"wp-image-59\" srcset=\"https:\/\/i0.wp.com\/karavanmetalekipman.com\/wp-content\/uploads\/2024\/05\/WhatsApp-Image-2024-05-28-at-12.53.18-2.jpeg?resize=576%2C1024&amp;ssl=1 576w, https:\/\/i0.wp.com\/karavanmetalekipman.com\/wp-content\/uploads\/2024\/05\/WhatsApp-Image-2024-05-28-at-12.53.18-2.jpeg?resize=169%2C300&amp;ssl=1 169w, https:\/\/i0.wp.com\/karavanmetalekipman.com\/wp-content\/uploads\/2024\/05\/WhatsApp-Image-2024-05-28-at-12.53.18-2.jpeg?resize=768%2C1365&amp;ssl=1 768w, https:\/\/i0.wp.com\/karavanmetalekipman.com\/wp-content\/uploads\/2024\/05\/WhatsApp-Image-2024-05-28-at-12.53.18-2.jpeg?resize=864%2C1536&amp;ssl=1 864w, https:\/\/i0.wp.com\/karavanmetalekipman.com\/wp-content\/uploads\/2024\/05\/WhatsApp-Image-2024-05-28-at-12.53.18-2.jpeg?w=900&amp;ssl=1 900w\" sizes=\"(max-width: 576px) 100vw, 576px\" data-recalc-dims=\"1\" \/><button\n\t\t\tclass=\"lightbox-trigger\"\n\t\t\ttype=\"button\"\n\t\t\taria-haspopup=\"dialog\"\n\t\t\taria-label=\"G\u00f6rseli b\u00fcy\u00fct\"\n\t\t\tdata-wp-init=\"callbacks.initTriggerButton\"\n\t\t\tdata-wp-on--click=\"actions.showLightbox\"\n\t\t\tdata-wp-style--right=\"context.imageButtonRight\"\n\t\t\tdata-wp-style--top=\"context.imageButtonTop\"\n\t\t>\n\t\t\t<svg xmlns=\"http:\/\/www.w3.org\/2000\/svg\" width=\"12\" height=\"12\" fill=\"none\" viewBox=\"0 0 12 12\">\n\t\t\t\t<path fill=\"#fff\" d=\"M2 0a2 2 0 0 0-2 2v2h1.5V2a.5.5 0 0 1 .5-.5h2V0H2Zm2 10.5H2a.5.5 0 0 1-.5-.5V8H0v2a2 2 0 0 0 2 2h2v-1.5ZM8 12v-1.5h2a.5.5 0 0 0 .5-.5V8H12v2a2 2 0 0 1-2 2H8Zm2-12a2 2 0 0 1 2 2v2h-1.5V2a.5.5 0 0 0-.5-.5H8V0h2Z\" \/>\n\t\t\t<\/svg>\n\t\t<\/button><\/figure>\n\n\n\n<figure data-wp-context=\"{&quot;uploadedSrc&quot;:&quot;https:\\\/\\\/karavanmetalekipman.com\\\/wp-content\\\/uploads\\\/2024\\\/05\\\/WhatsApp-Image-2024-05-28-at-12.53.18-1.jpeg&quot;,&quot;figureClassNames&quot;:&quot;wp-block-image size-large&quot;,&quot;figureStyles&quot;:null,&quot;imgClassNames&quot;:&quot;wp-image-58&quot;,&quot;imgStyles&quot;:null,&quot;targetWidth&quot;:1600,&quot;targetHeight&quot;:900,&quot;scaleAttr&quot;:false,&quot;ariaLabel&quot;:&quot;G\\u00f6rseli b\\u00fcy\\u00fct&quot;,&quot;alt&quot;:&quot;&quot;}\" data-wp-interactive=\"core\/image\" class=\"wp-block-image size-large wp-lightbox-container\"><img loading=\"lazy\" decoding=\"async\" width=\"1024\" height=\"576\" data-wp-init=\"callbacks.setButtonStyles\" data-wp-on--click=\"actions.showLightbox\" data-wp-on--load=\"callbacks.setButtonStyles\" data-wp-on-window--resize=\"callbacks.setButtonStyles\" data-id=\"58\" src=\"https:\/\/i0.wp.com\/karavanmetalekipman.com\/wp-content\/uploads\/2024\/05\/WhatsApp-Image-2024-05-28-at-12.53.18-1.jpeg?resize=1024%2C576&#038;ssl=1\" alt=\"\" class=\"wp-image-58\" srcset=\"https:\/\/i0.wp.com\/karavanmetalekipman.com\/wp-content\/uploads\/2024\/05\/WhatsApp-Image-2024-05-28-at-12.53.18-1.jpeg?resize=1024%2C576&amp;ssl=1 1024w, https:\/\/i0.wp.com\/karavanmetalekipman.com\/wp-content\/uploads\/2024\/05\/WhatsApp-Image-2024-05-28-at-12.53.18-1.jpeg?resize=300%2C169&amp;ssl=1 300w, https:\/\/i0.wp.com\/karavanmetalekipman.com\/wp-content\/uploads\/2024\/05\/WhatsApp-Image-2024-05-28-at-12.53.18-1.jpeg?resize=768%2C432&amp;ssl=1 768w, https:\/\/i0.wp.com\/karavanmetalekipman.com\/wp-content\/uploads\/2024\/05\/WhatsApp-Image-2024-05-28-at-12.53.18-1.jpeg?resize=1536%2C864&amp;ssl=1 1536w, https:\/\/i0.wp.com\/karavanmetalekipman.com\/wp-content\/uploads\/2024\/05\/WhatsApp-Image-2024-05-28-at-12.53.18-1.jpeg?w=1600&amp;ssl=1 1600w\" sizes=\"(max-width: 1000px) 100vw, 1000px\" data-recalc-dims=\"1\" \/><button\n\t\t\tclass=\"lightbox-trigger\"\n\t\t\ttype=\"button\"\n\t\t\taria-haspopup=\"dialog\"\n\t\t\taria-label=\"G\u00f6rseli b\u00fcy\u00fct\"\n\t\t\tdata-wp-init=\"callbacks.initTriggerButton\"\n\t\t\tdata-wp-on--click=\"actions.showLightbox\"\n\t\t\tdata-wp-style--right=\"context.imageButtonRight\"\n\t\t\tdata-wp-style--top=\"context.imageButtonTop\"\n\t\t>\n\t\t\t<svg xmlns=\"http:\/\/www.w3.org\/2000\/svg\" width=\"12\" height=\"12\" fill=\"none\" viewBox=\"0 0 12 12\">\n\t\t\t\t<path fill=\"#fff\" d=\"M2 0a2 2 0 0 0-2 2v2h1.5V2a.5.5 0 0 1 .5-.5h2V0H2Zm2 10.5H2a.5.5 0 0 1-.5-.5V8H0v2a2 2 0 0 0 2 2h2v-1.5ZM8 12v-1.5h2a.5.5 0 0 0 .5-.5V8H12v2a2 2 0 0 1-2 2H8Zm2-12a2 2 0 0 1 2 2v2h-1.5V2a.5.5 0 0 0-.5-.5H8V0h2Z\" \/>\n\t\t\t<\/svg>\n\t\t<\/button><\/figure>\n\n\n\n<figure data-wp-context=\"{&quot;uploadedSrc&quot;:&quot;https:\\\/\\\/karavanmetalekipman.com\\\/wp-content\\\/uploads\\\/2024\\\/05\\\/WhatsApp-Image-2024-05-28-at-12.53.17.jpeg&quot;,&quot;figureClassNames&quot;:&quot;wp-block-image size-large&quot;,&quot;figureStyles&quot;:null,&quot;imgClassNames&quot;:&quot;wp-image-57&quot;,&quot;imgStyles&quot;:null,&quot;targetWidth&quot;:900,&quot;targetHeight&quot;:1600,&quot;scaleAttr&quot;:false,&quot;ariaLabel&quot;:&quot;G\\u00f6rseli b\\u00fcy\\u00fct&quot;,&quot;alt&quot;:&quot;&quot;}\" data-wp-interactive=\"core\/image\" class=\"wp-block-image size-large wp-lightbox-container\"><img loading=\"lazy\" decoding=\"async\" width=\"576\" height=\"1024\" data-wp-init=\"callbacks.setButtonStyles\" data-wp-on--click=\"actions.showLightbox\" data-wp-on--load=\"callbacks.setButtonStyles\" data-wp-on-window--resize=\"callbacks.setButtonStyles\" data-id=\"57\" src=\"https:\/\/i0.wp.com\/karavanmetalekipman.com\/wp-content\/uploads\/2024\/05\/WhatsApp-Image-2024-05-28-at-12.53.17.jpeg?resize=576%2C1024&#038;ssl=1\" alt=\"\" class=\"wp-image-57\" srcset=\"https:\/\/i0.wp.com\/karavanmetalekipman.com\/wp-content\/uploads\/2024\/05\/WhatsApp-Image-2024-05-28-at-12.53.17.jpeg?resize=576%2C1024&amp;ssl=1 576w, https:\/\/i0.wp.com\/karavanmetalekipman.com\/wp-content\/uploads\/2024\/05\/WhatsApp-Image-2024-05-28-at-12.53.17.jpeg?resize=169%2C300&amp;ssl=1 169w, https:\/\/i0.wp.com\/karavanmetalekipman.com\/wp-content\/uploads\/2024\/05\/WhatsApp-Image-2024-05-28-at-12.53.17.jpeg?resize=768%2C1365&amp;ssl=1 768w, https:\/\/i0.wp.com\/karavanmetalekipman.com\/wp-content\/uploads\/2024\/05\/WhatsApp-Image-2024-05-28-at-12.53.17.jpeg?resize=864%2C1536&amp;ssl=1 864w, https:\/\/i0.wp.com\/karavanmetalekipman.com\/wp-content\/uploads\/2024\/05\/WhatsApp-Image-2024-05-28-at-12.53.17.jpeg?w=900&amp;ssl=1 900w\" sizes=\"(max-width: 576px) 100vw, 576px\" data-recalc-dims=\"1\" \/><button\n\t\t\tclass=\"lightbox-trigger\"\n\t\t\ttype=\"button\"\n\t\t\taria-haspopup=\"dialog\"\n\t\t\taria-label=\"G\u00f6rseli b\u00fcy\u00fct\"\n\t\t\tdata-wp-init=\"callbacks.initTriggerButton\"\n\t\t\tdata-wp-on--click=\"actions.showLightbox\"\n\t\t\tdata-wp-style--right=\"context.imageButtonRight\"\n\t\t\tdata-wp-style--top=\"context.imageButtonTop\"\n\t\t>\n\t\t\t<svg xmlns=\"http:\/\/www.w3.org\/2000\/svg\" width=\"12\" height=\"12\" fill=\"none\" viewBox=\"0 0 12 12\">\n\t\t\t\t<path fill=\"#fff\" d=\"M2 0a2 2 0 0 0-2 2v2h1.5V2a.5.5 0 0 1 .5-.5h2V0H2Zm2 10.5H2a.5.5 0 0 1-.5-.5V8H0v2a2 2 0 0 0 2 2h2v-1.5ZM8 12v-1.5h2a.5.5 0 0 0 .5-.5V8H12v2a2 2 0 0 1-2 2H8Zm2-12a2 2 0 0 1 2 2v2h-1.5V2a.5.5 0 0 0-.5-.5H8V0h2Z\" \/>\n\t\t\t<\/svg>\n\t\t<\/button><\/figure>\n\n\n\n<figure data-wp-context=\"{&quot;uploadedSrc&quot;:&quot;https:\\\/\\\/karavanmetalekipman.com\\\/wp-content\\\/uploads\\\/2024\\\/05\\\/WhatsApp-Image-2024-05-28-at-12.53.17-1.jpeg&quot;,&quot;figureClassNames&quot;:&quot;wp-block-image size-large&quot;,&quot;figureStyles&quot;:null,&quot;imgClassNames&quot;:&quot;wp-image-56&quot;,&quot;imgStyles&quot;:null,&quot;targetWidth&quot;:900,&quot;targetHeight&quot;:1600,&quot;scaleAttr&quot;:false,&quot;ariaLabel&quot;:&quot;G\\u00f6rseli b\\u00fcy\\u00fct&quot;,&quot;alt&quot;:&quot;&quot;}\" data-wp-interactive=\"core\/image\" class=\"wp-block-image size-large wp-lightbox-container\"><img loading=\"lazy\" decoding=\"async\" width=\"576\" height=\"1024\" data-wp-init=\"callbacks.setButtonStyles\" data-wp-on--click=\"actions.showLightbox\" data-wp-on--load=\"callbacks.setButtonStyles\" data-wp-on-window--resize=\"callbacks.setButtonStyles\" data-id=\"56\" src=\"https:\/\/i0.wp.com\/karavanmetalekipman.com\/wp-content\/uploads\/2024\/05\/WhatsApp-Image-2024-05-28-at-12.53.17-1.jpeg?resize=576%2C1024&#038;ssl=1\" alt=\"\" class=\"wp-image-56\" srcset=\"https:\/\/i0.wp.com\/karavanmetalekipman.com\/wp-content\/uploads\/2024\/05\/WhatsApp-Image-2024-05-28-at-12.53.17-1.jpeg?resize=576%2C1024&amp;ssl=1 576w, https:\/\/i0.wp.com\/karavanmetalekipman.com\/wp-content\/uploads\/2024\/05\/WhatsApp-Image-2024-05-28-at-12.53.17-1.jpeg?resize=169%2C300&amp;ssl=1 169w, https:\/\/i0.wp.com\/karavanmetalekipman.com\/wp-content\/uploads\/2024\/05\/WhatsApp-Image-2024-05-28-at-12.53.17-1.jpeg?resize=768%2C1365&amp;ssl=1 768w, https:\/\/i0.wp.com\/karavanmetalekipman.com\/wp-content\/uploads\/2024\/05\/WhatsApp-Image-2024-05-28-at-12.53.17-1.jpeg?resize=864%2C1536&amp;ssl=1 864w, https:\/\/i0.wp.com\/karavanmetalekipman.com\/wp-content\/uploads\/2024\/05\/WhatsApp-Image-2024-05-28-at-12.53.17-1.jpeg?w=900&amp;ssl=1 900w\" sizes=\"(max-width: 576px) 100vw, 576px\" data-recalc-dims=\"1\" \/><button\n\t\t\tclass=\"lightbox-trigger\"\n\t\t\ttype=\"button\"\n\t\t\taria-haspopup=\"dialog\"\n\t\t\taria-label=\"G\u00f6rseli b\u00fcy\u00fct\"\n\t\t\tdata-wp-init=\"callbacks.initTriggerButton\"\n\t\t\tdata-wp-on--click=\"actions.showLightbox\"\n\t\t\tdata-wp-style--right=\"context.imageButtonRight\"\n\t\t\tdata-wp-style--top=\"context.imageButtonTop\"\n\t\t>\n\t\t\t<svg xmlns=\"http:\/\/www.w3.org\/2000\/svg\" width=\"12\" height=\"12\" fill=\"none\" viewBox=\"0 0 12 12\">\n\t\t\t\t<path fill=\"#fff\" d=\"M2 0a2 2 0 0 0-2 2v2h1.5V2a.5.5 0 0 1 .5-.5h2V0H2Zm2 10.5H2a.5.5 0 0 1-.5-.5V8H0v2a2 2 0 0 0 2 2h2v-1.5ZM8 12v-1.5h2a.5.5 0 0 0 .5-.5V8H12v2a2 2 0 0 1-2 2H8Zm2-12a2 2 0 0 1 2 2v2h-1.5V2a.5.5 0 0 0-.5-.5H8V0h2Z\" \/>\n\t\t\t<\/svg>\n\t\t<\/button><\/figure>\n\n\n\n<figure data-wp-context=\"{&quot;uploadedSrc&quot;:&quot;https:\\\/\\\/karavanmetalekipman.com\\\/wp-content\\\/uploads\\\/2024\\\/05\\\/WhatsApp-Image-2024-05-10-at-13.47.50-edited.jpeg&quot;,&quot;figureClassNames&quot;:&quot;wp-block-image size-large&quot;,&quot;figureStyles&quot;:null,&quot;imgClassNames&quot;:&quot;wp-image-16&quot;,&quot;imgStyles&quot;:null,&quot;targetWidth&quot;:1200,&quot;targetHeight&quot;:1200,&quot;scaleAttr&quot;:false,&quot;ariaLabel&quot;:&quot;G\\u00f6rseli b\\u00fcy\\u00fct&quot;,&quot;alt&quot;:&quot;&quot;}\" data-wp-interactive=\"core\/image\" class=\"wp-block-image size-large wp-lightbox-container\"><img loading=\"lazy\" decoding=\"async\" width=\"1024\" height=\"1024\" data-wp-init=\"callbacks.setButtonStyles\" data-wp-on--click=\"actions.showLightbox\" data-wp-on--load=\"callbacks.setButtonStyles\" data-wp-on-window--resize=\"callbacks.setButtonStyles\" data-id=\"16\" src=\"https:\/\/i0.wp.com\/karavanmetalekipman.com\/wp-content\/uploads\/2024\/05\/WhatsApp-Image-2024-05-10-at-13.47.50-edited-1024x1024.jpeg?resize=1024%2C1024&#038;ssl=1\" alt=\"\" class=\"wp-image-16\" srcset=\"https:\/\/i0.wp.com\/karavanmetalekipman.com\/wp-content\/uploads\/2024\/05\/WhatsApp-Image-2024-05-10-at-13.47.50-edited.jpeg?resize=1024%2C1024&amp;ssl=1 1024w, https:\/\/i0.wp.com\/karavanmetalekipman.com\/wp-content\/uploads\/2024\/05\/WhatsApp-Image-2024-05-10-at-13.47.50-edited.jpeg?resize=300%2C300&amp;ssl=1 300w, https:\/\/i0.wp.com\/karavanmetalekipman.com\/wp-content\/uploads\/2024\/05\/WhatsApp-Image-2024-05-10-at-13.47.50-edited.jpeg?resize=150%2C150&amp;ssl=1 150w, https:\/\/i0.wp.com\/karavanmetalekipman.com\/wp-content\/uploads\/2024\/05\/WhatsApp-Image-2024-05-10-at-13.47.50-edited.jpeg?resize=768%2C768&amp;ssl=1 768w, https:\/\/i0.wp.com\/karavanmetalekipman.com\/wp-content\/uploads\/2024\/05\/WhatsApp-Image-2024-05-10-at-13.47.50-edited.jpeg?w=1200&amp;ssl=1 1200w\" sizes=\"(max-width: 1000px) 100vw, 1000px\" data-recalc-dims=\"1\" \/><button\n\t\t\tclass=\"lightbox-trigger\"\n\t\t\ttype=\"button\"\n\t\t\taria-haspopup=\"dialog\"\n\t\t\taria-label=\"G\u00f6rseli b\u00fcy\u00fct\"\n\t\t\tdata-wp-init=\"callbacks.initTriggerButton\"\n\t\t\tdata-wp-on--click=\"actions.showLightbox\"\n\t\t\tdata-wp-style--right=\"context.imageButtonRight\"\n\t\t\tdata-wp-style--top=\"context.imageButtonTop\"\n\t\t>\n\t\t\t<svg xmlns=\"http:\/\/www.w3.org\/2000\/svg\" width=\"12\" height=\"12\" fill=\"none\" viewBox=\"0 0 12 12\">\n\t\t\t\t<path fill=\"#fff\" d=\"M2 0a2 2 0 0 0-2 2v2h1.5V2a.5.5 0 0 1 .5-.5h2V0H2Zm2 10.5H2a.5.5 0 0 1-.5-.5V8H0v2a2 2 0 0 0 2 2h2v-1.5ZM8 12v-1.5h2a.5.5 0 0 0 .5-.5V8H12v2a2 2 0 0 1-2 2H8Zm2-12a2 2 0 0 1 2 2v2h-1.5V2a.5.5 0 0 0-.5-.5H8V0h2Z\" \/>\n\t\t\t<\/svg>\n\t\t<\/button><\/figure>\n\n\n\n<figure data-wp-context=\"{&quot;uploadedSrc&quot;:&quot;https:\\\/\\\/karavanmetalekipman.com\\\/wp-content\\\/uploads\\\/2024\\\/05\\\/WhatsApp-Image-2024-05-10-at-13.47.50.jpeg&quot;,&quot;figureClassNames&quot;:&quot;wp-block-image size-large&quot;,&quot;figureStyles&quot;:null,&quot;imgClassNames&quot;:&quot;wp-image-15&quot;,&quot;imgStyles&quot;:null,&quot;targetWidth&quot;:1200,&quot;targetHeight&quot;:1600,&quot;scaleAttr&quot;:false,&quot;ariaLabel&quot;:&quot;G\\u00f6rseli b\\u00fcy\\u00fct&quot;,&quot;alt&quot;:&quot;&quot;}\" data-wp-interactive=\"core\/image\" class=\"wp-block-image size-large wp-lightbox-container\"><img loading=\"lazy\" decoding=\"async\" width=\"768\" height=\"1024\" data-wp-init=\"callbacks.setButtonStyles\" data-wp-on--click=\"actions.showLightbox\" data-wp-on--load=\"callbacks.setButtonStyles\" data-wp-on-window--resize=\"callbacks.setButtonStyles\" data-id=\"15\" src=\"https:\/\/i0.wp.com\/karavanmetalekipman.com\/wp-content\/uploads\/2024\/05\/WhatsApp-Image-2024-05-10-at-13.47.50.jpeg?resize=768%2C1024&#038;ssl=1\" alt=\"\" class=\"wp-image-15\" srcset=\"https:\/\/i0.wp.com\/karavanmetalekipman.com\/wp-content\/uploads\/2024\/05\/WhatsApp-Image-2024-05-10-at-13.47.50.jpeg?resize=768%2C1024&amp;ssl=1 768w, https:\/\/i0.wp.com\/karavanmetalekipman.com\/wp-content\/uploads\/2024\/05\/WhatsApp-Image-2024-05-10-at-13.47.50.jpeg?resize=225%2C300&amp;ssl=1 225w, https:\/\/i0.wp.com\/karavanmetalekipman.com\/wp-content\/uploads\/2024\/05\/WhatsApp-Image-2024-05-10-at-13.47.50.jpeg?resize=1152%2C1536&amp;ssl=1 1152w, https:\/\/i0.wp.com\/karavanmetalekipman.com\/wp-content\/uploads\/2024\/05\/WhatsApp-Image-2024-05-10-at-13.47.50.jpeg?w=1200&amp;ssl=1 1200w\" sizes=\"(max-width: 768px) 100vw, 768px\" data-recalc-dims=\"1\" \/><button\n\t\t\tclass=\"lightbox-trigger\"\n\t\t\ttype=\"button\"\n\t\t\taria-haspopup=\"dialog\"\n\t\t\taria-label=\"G\u00f6rseli b\u00fcy\u00fct\"\n\t\t\tdata-wp-init=\"callbacks.initTriggerButton\"\n\t\t\tdata-wp-on--click=\"actions.showLightbox\"\n\t\t\tdata-wp-style--right=\"context.imageButtonRight\"\n\t\t\tdata-wp-style--top=\"context.imageButtonTop\"\n\t\t>\n\t\t\t<svg xmlns=\"http:\/\/www.w3.org\/2000\/svg\" width=\"12\" height=\"12\" fill=\"none\" viewBox=\"0 0 12 12\">\n\t\t\t\t<path fill=\"#fff\" d=\"M2 0a2 2 0 0 0-2 2v2h1.5V2a.5.5 0 0 1 .5-.5h2V0H2Zm2 10.5H2a.5.5 0 0 1-.5-.5V8H0v2a2 2 0 0 0 2 2h2v-1.5ZM8 12v-1.5h2a.5.5 0 0 0 .5-.5V8H12v2a2 2 0 0 1-2 2H8Zm2-12a2 2 0 0 1 2 2v2h-1.5V2a.5.5 0 0 0-.5-.5H8V0h2Z\" \/>\n\t\t\t<\/svg>\n\t\t<\/button><\/figure>\n<\/figure>\n","protected":false},"excerpt":{"rendered":"<p>Karavan basama\u011f\u0131m\u0131z, karavan\u0131n\u0131za giri\u015f ve \u00e7\u0131k\u0131\u015flarda g\u00fcvenlik ve rahatl\u0131k sa\u011flamak \u00fczere \u00f6zel olarak tasarlanm\u0131\u015ft\u0131r. Dayan\u0131kl\u0131 metal yap\u0131s\u0131 ve kaymaz y\u00fczeyi sayesinde her t\u00fcrl\u00fc hava ko\u015fulunda g\u00fcvenli bir kullan\u0131m sunar. Entegre a\u00e7\u0131l\u0131r mekanizmas\u0131 ile basama\u011f\u0131 kullanmad\u0131\u011f\u0131n\u0131z zamanlarda g\u00fcvenli bir \u015fekilde sabitleyebilir, b\u00f6ylece istenmeyen kazalar\u0131n \u00f6n\u00fcne ge\u00e7ebilirsiniz. Kolayca monte edilebilen bu basamak, kompakt ve ergonomik tasar\u0131m\u0131yla karavan\u0131n\u0131zda [&hellip;]<\/p>\n","protected":false},"author":1,"featured_media":60,"parent":0,"menu_order":0,"comment_status":"closed","ping_status":"closed","template":"","meta":{"footnotes":""},"jetpack_sharing_enabled":true,"_links":{"self":[{"href":"https:\/\/karavanmetalekipman.com\/index.php\/wp-json\/wp\/v2\/pages\/30"}],"collection":[{"href":"https:\/\/karavanmetalekipman.com\/index.php\/wp-json\/wp\/v2\/pages"}],"about":[{"href":"https:\/\/karavanmetalekipman.com\/index.php\/wp-json\/wp\/v2\/types\/page"}],"author":[{"embeddable":true,"href":"https:\/\/karavanmetalekipman.com\/index.php\/wp-json\/wp\/v2\/users\/1"}],"replies":[{"embeddable":true,"href":"https:\/\/karavanmetalekipman.com\/index.php\/wp-json\/wp\/v2\/comments?post=30"}],"version-history":[{"count":5,"href":"https:\/\/karavanmetalekipman.com\/index.php\/wp-json\/wp\/v2\/pages\/30\/revisions"}],"predecessor-version":[{"id":69,"href":"https:\/\/karavanmetalekipman.com\/index.php\/wp-json\/wp\/v2\/pages\/30\/revisions\/69"}],"wp:featuredmedia":[{"embeddable":true,"href":"https:\/\/karavanmetalekipman.com\/index.php\/wp-json\/wp\/v2\/media\/60"}],"wp:attachment":[{"href":"https:\/\/karavanmetalekipman.com\/index.php\/wp-json\/wp\/v2\/media?parent=30"}],"curies":[{"name":"wp","href":"https:\/\/api.w.org\/{rel}","templated":true}]}}